 List the prime factors of b.
3
Let g(t) = 4*t**2 - t - 13. List the prime factors of g(-5).
2, 23
Let b(i) be the first derivative of -i**3/3 + 5*i**2 + 4*i + 1. Suppose -4*x + 33 = 3*z - 1, 5 = 5*x. List the prime factors of b(z).
2
Suppose 0 = 3*o + 3*r + 2*r + 6, -r - 18 = -5*o. Suppose -3*j = -24 - o. List the prime factors of j.
3
Suppose -2*r = -3*s + 55, -5*s + 4*r + 75 = -14. List the prime factors of s.
3, 7
Suppose 13*h = 10*h + 48. What are the prime factors of h?
2
Suppose -59 = 4*b - 215. What are the prime factors of 2/(-6) - (-598)/b?
3, 5
Let p = 1 + -1. Suppose p = s - 4*v + 9, 0*v = -2*v + 6. Suppose -s*z + 30 = -0*z. What are the prime factors of z?
2, 5
Suppose l = -l + 38. What are the prime factors of l?
19
Let t be 6/9 + 19/3. Suppose t = -r - 5. Let f = r + 23. What are the prime factors of f?
11
Suppose -w + 6*w - 20 = 0. Suppose -5*o - 19 = i, -4*o - w - 16 = 0. What are the prime factors of i?
2, 3
Suppose 0 = -4*l + 12, -1 = -g + 3*l - 0*l. Let j be 0/1 - -2 - 0. What are the prime factors of (-1)/((-1)/g*j)?
5
Suppose -3*g - 3*o + 6*o - 24 = 0, 2*g + 11 = o. Let r(a) = -a**2 + 8 - 4 - 3*a - 1. What are the prime factors of r(g)?
3
Suppose 0 = -4*m + 131 + 169. What are the prime factors of m?
3, 5
List the prime factors of 6669/189 + (-2)/7.
5, 7
Let h(f) = f - 13. Let v be h(-9). Let x = v + 31. List the prime factors of 1 - -6 - (x - 7).
5
Suppose 5*j = 4*j - 7. Let i = j + 17. List the prime factors of i.
2, 5
Let w = -3 - -5. Suppose w*d + 30 = 5*v - 2*d, v + 18 = -4*d. Suppose 5*n - 22 = v*h, -5*h = 4*n - 3 - 41. List the prime factors of n.
2, 3
Let c be 1 + 4 + -2*1. Suppose -15 = c*g + 2*g. What are the prime factors of (4/(-2))/2*g?
3
Let m be (-174)/21 + 4/14. Let j = -12 - m. Let u = 7 + j. List the prime factors of u.
3
Let q(h) = h**2 + 13*h + 2 + 8 + 4. What are the prime factors of q(-12)?
2
Let u(v) = v + 5. Let h be u(-7). List the prime factors of h*(-4)/(16/50).
5
Let u(r) = -4*r + 3*r - r**2 - 4*r**2. Let k be u(-1). What are the prime factors of 10/k*104/(-20)?
13
Suppose -73 = 5*j - 248. Suppose -49 = -4*u + j. What are the prime factors of u?
3, 7
Let o = 9 - 36. Let j = -15 - o. What are the prime factors of j?
2, 3
Let u(n) = n + 8 + 7 + 5. List the prime factors of u(0).
2, 5
Suppose 3*v = 26 - 11. Suppose 44 = 5*q + 2*z, v*z = 3*q - 70 + 25. List the prime factors of q.
2, 5
Let d(n) = 11 - 2*n + 4*n + 0*n - 4*n. List the prime factors of d(-5).
3, 7
Let x be (-6)/9 + (-218)/6. Let d = 57 + x. Let c = -11 + d. List the prime factors of c.
3
Let u = -7 - -14. Suppose 3*l + 5*x - u - 19 = 0, -4*l + 3*x + 25 = 0. List the prime factors of l.
7
Let y(x) = x - 4. Suppose 2*v - 18 = -v. Let j be y(v). Suppose -4*m + 3*m = -j. What are the prime factors of m?
2
Let o = -3 - -6. Let n(c) = c**3 - c**2 + 7. Let b be n(0). Suppose -3*f - o*x = -30, -b*x = 4*f - 2*x - 37. List the prime factors of f.
13
Suppose 4*u + 5 = 5*c - 0, 21 = -2*c - 3*u. List the prime factors of (-12)/(-3) + c/(-1).
7
Let u = -11 + 30. What are the prime factors of u?
19
Let k = -13 - -25. Suppose 2*l = 4*w - 4, w - l - 3*l = -6. Suppose 0*t - k = -w*t. What are the prime factors of t?
2, 3
Let t(d) be the first derivative of -11*d**4/4 + d**3/3 + d**2/2 + 3. List the prime factors of t(-1).
11
Suppose z = -4*z. Suppose -4*y - 3 + 63 = z. What are the prime factors of y?
3, 5
Let q = 6 + 8. Let c = 2 + q. List the prime factors of c.
2
What are the prime factors of -7*-1*1356/42?
2, 113
Let s(f) be the third derivative of f**6/30 - f**5/60 + f**4/24 - f**3/3 - 7*f**2. What are the prime factors of s(2)?
2, 7
Suppose 0 = 2*g + 2 - 66. Suppose 0 = -4*w + x + 3*x + g, 21 = 3*w - 2*x. List the prime factors of w.
5
Suppose -127 = -b - 39. Suppose 3*u - b + 2 = -f, -3*u + 3*f + 102 = 0. List the prime factors of 402/u - (-2)/(-5).
13
Suppose -3*w - 3 = -2*w + 4*q, -2*w - 2*q + 6 = 0. Suppose -2*x + w*x = 54. List the prime factors of x.
2, 3
Let b = 240 - 4. List the prime factors of b.
2, 59
Suppose 2*a + 56 = 2*n + 156, -4*n + 94 = 2*a. List the prime factors of a.
7
Suppose -2*x + 6*x = 0. Suppose -2*g = -2*p - 4 - 6, x = 4*g - p - 26. What are the prime factors of g?
7
Let k = 1 + 110. List the prime factors of k.
3, 37
Suppose 0*f - f + 62 = 0. List the prime factors of f.
2, 31
Suppose -2*b + 1 = -1. Let l = 2 + b. What are the prime factors of l?
3
Suppose -k = 5*m - 275, 0 = 4*m + 4*k - 8*k - 220. List the prime factors of m.
5, 11
Let a = 10 - 5. Suppose -r = k - 11, -3*r + 37 + 6 = a*k. List the prime factors of r.
2, 3
Let w(d) = -d - 3. List the prime factors of w(-7).
2
List the prime factors of 2*(-4)/(-4) - -43.
3, 5
Suppose 2*h - 15 = -3*h. Suppose 0 = -3*i - w + 8 + h, 2*i - 5*w = -4. What are the prime factors of i?
3
Let s = 1 - 7. Let d = s - -10. List the prime factors of d.
2
Let n = 41 - 14. Suppose -4*f - x + 18 = -0*f, n = 5*f - x. List the prime factors of f.
5
Let l(r) = -2*r + 15. Let x be l(10). Let u = x - -18. List the prime factors of u.
13
Suppose -5*p + 5*u - 95 = 0, -3 + 62 = -3*p + u. Let n = -2 - p. List the prime factors of n.
2, 3
Suppose 4*b = 4 + 8. Let p be (25/b)/(2/6). Suppose 0 = -4*y - 4*r + 20, 6*r = r - p. What are the prime factors of y?
2, 5
Let j(a) = -a**2 + 13*a - 3. Let q be j(9). Suppose x = 4*x - q. What are the prime factors of x?
11
Let o(r) = r**2 - r - 18. List the prime factors of o(-12).
2, 3, 23
Suppose 3*k + k = -h + 189, 0 = k + h - 45. What are the prime factors of k?
2, 3
Let a(g) = -g + 8. Let u be a(6). Suppose -u*f + 0 = -18. What are the prime factors of f?
3
What are the prime factors of ((-2)/(-4))/((-4)/(-936))?
3, 13
Suppose 3*q + 7 = 3*u - 8, u + 5*q - 5 = 0. Suppose -5 = -h + 4*c, 3*h = -2*h - u*c + 125. What are the prime factors of h?
3, 7
Suppose l - 5*a = -2 - 10, -2*l = -3*a + 3. Suppose x - 6 = 5*h + l, 3*h + 4 = 2*x. Let r(j) = -j**2 - 4*j + 1. List the prime factors of r(h).
5
Suppose w = -5*r - 3*w + 127, 23 = r + 2*w. List the prime factors of r.
3
Suppose -30*s + 24*s + 900 = 0. What are the prime factors of s?
2, 3, 5
Let k be 1 - (3 - 2) - 1. Let g be (k - -2) + (-68)/(-4). Suppose -2*h - h = -g. What are the prime factors of h?
2, 3
Let h(q) = -q**3 + q**2 - q + 3. Let f be h(0). Suppose 15 = f*m - 24. List the prime factors of m.
13
Let k be (-357)/34 + 3/(-2). Let q = -7 - 16. Let y = k - q. What are the prime factors of y?
11
Let s(p) = p**2 + 7*p. What are the prime factors of s(-8)?
2
Suppose 0 = 4*c - 4 - 16. Suppose 0 = 5*h + 2*n - 59, 5*h - c*n + 14 = 94. What are the prime factors of h?
13
Let u = 97 + -62. List the prime factors of u.
5, 7
Let u be (-1 + 2)/(1/(-2)). What are the prime factors of 951/27 - u/(-9)?
5, 7
Let q = -27 - -26. What are the prime factors of (8 - -109)*q/(-3)?
3, 13
Let g be (2/4)/((-11)/836). Let b = -24 - g. What are the prime factors of b?
2, 7
Let u be -3*(-1)/(12/220). Suppose -2*t + o + 10 = 0, t = -0*t - 4*o + 14. Suppose u = t*z - z. List the prime factors of z.
11
Let u = 140 - 76. Suppose 0*q = 4*q - u. What are the prime factors of q?
2
Let v(z) = -21*z. Let j(c) = 7*c + 8*c - c. Let f(o) = -7*j(o) - 5*v(o). What are the prime factors of f(1)?
7
Let i be 5/(-4)*(-1 + -3). Suppose -i*p + p + 36 = -v, 0 = -v. What are the prime factors of p?
3
Suppose 3*h = -5*j + 52 + 156, 10 = 5*j. Let w = -44 + h. What are the prime factors of w?
2, 11
Let x(l) = 6*l - 9*l + 4*l + l**3 + l**2 - 2*l**2 + 47. What are the prime factors of x(0)?
47
Suppose 3*y - 16 = -y. Let z = y + -13. What are the prime factors of (-2)/z - 388/(-36)?
11
Let y be ((-4)/6)/(1/21). List the prime factors of (-1 + 0)/(1/y).
2, 7
Let d = -80 + 180. Suppose 5*c = c + d. Suppose 0 = -5*g - 2*k + c, 4*k = -0*k. What are the prime factors of g?
5
Let y(t) = -7*t + 5. List the prime factors of y(-8).
61
Let c be ((4 - 1) + -2)*-1. Let o = -1 - c. Suppose o = k - 4 - 3. List the prime factors of k.
7
Let p be -1 + 1 - 45/9. Let m = p - -10. What are the prime factors of m?
5
Let q(t) = -t - 7. Let z be q(-9). Suppose 0 = 5*k - z*k - 90. What are the prime factors of k?
2, 3, 5
Let b(v) = -5*v - 8. Let u be b(7). Let j = u + 25. Let m = j + 27. List the prime factors of m.
3
Let r(f) = -f**3 - 4*f**2 - 2*f. Let m be r(-5). Let u = 